 65?
63
Suppose -44*f + 3988 + 15812 = 0. What is the remainder when f is divided by 91?
86
Let c = -138 + 140. Suppose -c*x + x = -5. Calculate the remainder when 20 is divided by x.
0
Let n = 12092 + -12018. Calculate the remainder when 134 is divided by n.
60
Let a(l) = 20*l**2 + 155*l + 316. Calculate the remainder when 285 is divided by a(-2).
27
Suppose -16*m + 20896 + 20896 = 0. Suppose 5*l + m = 4*t + 954, 1247 = 3*t - 2*l. What is the remainder when t is divided by 19?
18
Let q(n) = -192*n**2 - 811*n + 6. What is the remainder when q(-4) is divided by 41?
14
Let l = 166 - 97. Let s(b) = 2*b - 31. Let h be s(16). Calculate the remainder when l is divided by (-6)/(-2) + h + 10.
13
Let w(n) = 7*n**2 + 2*n + 5. Let f be 5 - (3 + 0)*-2. Suppose -9*h = -169 - f. What is the remainder when w(3) is divided by h?
14
Let z = 1316 - 24. What is the remainder when z is divided by 59?
53
Calculate the remainder when 877 is divided by (1 + 0 - (-3 - -3))/(21/294).
9
Calculate the remainder when 1287 is divided by 7 + ((-3)/3 - (6 + -6)) + 10.
7
Suppose 0 = 10*c - 15*c - 825. Let l = -143 - c. What is the remainder when 78 is divided by l?
12
Suppose 435 = 5*f - 3*b, 2*f = -5*b + 198 + 7. Let q(y) = -13*y**2 + 114*y + 34. Calculate the remainder when f is divided by q(9).
6
Let l(u) = 795*u - 192. What is the remainder when l(1) is divided by 101?
98
Let s = -28 + 108. Suppose -w + s = w. Calculate the remainder when (17 + -3)/(126/1071) is divided by w.
39
Let i = -319 - -327. Suppose -i*d = -4*d - b - 59, 0 = d + b - 21. What is the remainder when 87 is divided by d?
7
Suppose 4*x - 756 = -2*t, 5*t - x - 1540 = 383. Calculate the remainder when t is divided by 7.
6
Suppose 2*t = k - 62, 2*k - 156 = -k - 4*t. Let b(z) = -26*z + 1205. Let d be b(46). Suppose -5*u + k = -d. What is the remainder when 76 is divided by u?
11
Suppose z + 20 = -z. Let n = -263 + 320. What is the remainder when n is divided by (z/(-5))/((-1)/(-15))?
27
Let b = 520 - 285. Let m = b - 226. Calculate the remainder when 51 is divided by m.
6
Let s = 2299 - 2288. What is the remainder when 408 is divided by s?
1
Suppose -2*x = 5*o - 256, -2*o - 611 = -0*x - 5*x. Calculate the remainder when x is divided by (16/(-10) - 1)/((-5)/125).
58
Suppose 8*d - 5339 = -1715. Calculate the remainder when 924 is divided by d.
18
Suppose 0*j - 5 = 5*j + 5*n, 0 = 2*j + 5*n + 5. Calculate the remainder when ((-8)/20 + j)*-30 + 2 is divided by 16/3 - 8/24.
4
Calculate the remainder when 8 + (160 - -6) + -2 + 3 is divided by 45.
40
Suppose -6*g = -390*i + 391*i - 2075, 4*g - 1390 = -2*i. Calculate the remainder when g is divided by 160.
25
Suppose x = -x + 18. Let v = 94 + -93. What is the remainder when (-672)/(-9) - (v - 12/x) is divided by 19?
18
Let p = -6 + 4. Let y be p*(-2 - 2 - -2). Suppose y*v - 6 = -j + v, 5*j - 40 = -5*v. Calculate the remainder when 23 is divided by j.
5
Let g(s) = -24*s**3 + 2*s**2 + 7*s + 20. What is the remainder when g(-3) is divided by 114?
95
Calculate the remainder when 103 is divided by -2*(-5)/40*-4 - (-2 - 41).
19
Let z be (-1)/(-2)*(43104/2)/8. Let c = z + 21. Suppose -6*h = 2*h - c. What is the remainder when h is divided by 29?
26
Suppose n - 3*w + 76 = -5*w, -2*w + 236 = -3*n. Let g = 46 + n. Let v = g - -49. Calculate the remainder when v is divided by 7.
3
Let p(i) be the first derivative of -6*i**2 - 15*i + 410. Suppose 5*y + 29 = -6. What is the remainder when p(y) is divided by 12?
9
Suppose -3*b = 4*n - 2393, -3*n - 5*b = -1685 - 107. What is the remainder when n is divided by 60?
59
Let q(r) = 23*r**3 + r - 1. Let z = 11301 + -11292. Calculate the remainder when q(1) is divided by z.
5
What is the remainder when 1573 is divided by (-7 + 3/3)*(14 - 37/2)?
7
Suppose -5*j + 338 = t, -39 + 21 = -3*j - 16*t. Suppose 0 = -2*u - 2*r + 3*r + 269, 0 = 2*r + 10. Calculate the remainder when u is divided by j.
62
Let l(o) = 2*o**2 + 58*o - 313. Let m be (154 - 2) + 0 - -1. Suppose -a - 2*a = -m. Calculate the remainder when a is divided by l(5).
24
Let t(b) = -b**2 - 10*b - 6. Let m(l) = l**3 - 16*l**2 - 2. Let x be m(16). Calculate the remainder when x/(-2)*4*63/28 is divided by t(-9).
0
Suppose 22*j + 9*j = 230 + 2746. Calculate the remainder when 860 is divided by j.
92
Let y = 194 + -161. Let n = -1638 + 1651. Calculate the remainder when y is divided by n.
7
Let l(f) = f**2 + f - 9. Let q be l(3). Suppose q*r + 14 = 10*r. Suppose -m + 2*m = -3*a + 12, -10 = r*a. What is the remainder when m is divided by 14?
13
Let u = -1324 - -1390. What is the remainder when 996 is divided by u?
6
Let w(s) = -s**3 - 75*s**2 - 158*s - 6163. Calculate the remainder when 74250 is divided by w(-74).
50
Suppose 0 = 9*f + 37 - 424. Let p = -6 + f. What is the remainder when 115 is divided by p?
4
Suppose -21*f - 57*f + 4473 = -15*f. What is the remainder when 228 is divided by f?
15
Let h = -1192 + 1217. What is the remainder when 30424 is divided by h?
24
Suppose -2*j = 49387 - 49399. What is the remainder when 14 + (1 - -1) + -1 is divided by j?
3
Calculate the remainder when (-17)/(374/(-10758))*(-10)/(-2) + -7 is divided by 11.
7
Let q(t) = -745*t + 14416. Calculate the remainder when q(0) is divided by 14.
10
Let c(z) = -z**3 - 3*z**2 + z + 34. Let x be c(-8). What is the remainder when x/4 - (90/20)/9 is divided by 23?
17
Let n = -39 - -46. Let z(v) = -v**3 - 17*v**2 + 17*v - 13. Let w be z(-18). Suppose n*s - 22 = w*s. Calculate the remainder when 65 is divided by s.
10
Suppose 5*p - 40 = -5*p. Suppose -c - 14 = -4*j, 3*j - 4 = p*c - 13. Suppose 66 = 4*g - g. What is the remainder when g is divided by c?
4
Let h(d) = 13*d + 1956. What is the remainder when h(77) is divided by 57?
50
Suppose -12*f + 4*f + 16201 = 16089. Calculate the remainder when 305 + (1 - 3) + 1 is divided by f.
10
What is the remainder when -13*(-54491)/3016 + (-1)/(-8) is divided by 52?
27
Suppose -b + 275 = -4*m, 2*b + 0*m + m - 514 = 0. Suppose 16*p = 10*p + 390. Calculate the remainder when b is divided by p.
64
Let i(p) = 2*p**2 + 25. Suppose -427 = -2*y - y - a, y - 149 = -2*a. Suppose 0 = t - 29 - y. What is the remainder when t is divided by i(-4)?
56
Suppose 8*o + 3 = 7*o, 0 = -4*h - o + 6397. Calculate the remainder when h is divided by 29.
5
Suppose 5*c - 333 = -2*m - 86, 253 = 5*c + 3*m. Calculate the remainder when 2487 is divided by c.
43
Let w = 167 - 138. Suppose -3*m + 146 = w. Calculate the remainder when 114 is divided by m.
36
Let l = -271 + 442. Let d = l - 162. What is the remainder when 71 is divided by d?
8
Let a = 4525 - 2348. What is the remainder when a is divided by 109?
106
Suppose -5*j - 36 = -3*d, d - 4*j - 12 = -0*j. Let a(k) = 132*k - 8489. What is the remainder when a(65) is divided by d?
7
Let k be 6/2*640/(-30). Calculate the remainder when 0 + k/3*18/(-4) is divided by 20.
16
Let u(d) = 6*d - 49. Let k be u(9). Suppose -4*i = -2*y - 0*y + 26, -k*y + 33 = -2*i. Let c = 22 - i. Calculate the remainder when c is divided by 14.
12
Let w = -9 - -18. Let z(v) = v**3 - 8*v**2 - 8*v - 2. Let r be z(w). Suppose r = h - 41. Calculate the remainder when h is divided by 26.
22
Suppose 4*n = -3*p + 785, -p - 4*n - 149 = -408. Calculate the remainder when 714 is divided by p.
188
Let o(u) be the second derivative of -37*u**5/5 - u**4/6 + 3*u**3/2 + 5*u**2 - u - 1. What is the remainder when o(-1) is divided by 51?
45
Let r(k) = 2*k - 4*k + 0*k + 4*k + 13. Let g be r(8). Let j = 34 - g. Calculate the remainder when 8 is divided by j.
3
Let s = -2615 - -2624. What is the remainder when 143 is divided by s?
8
Suppose -5*l - 5*w - 160 = 315, 5*l = 3*w - 443. Let t be l - 12/18*(-3)/2. Calculate the remainder when 53 is divided by ((-4)/5 - 0)/(4/t).
17
Suppose u - 10 = -2*r, -u - 4*r + 6 = -3*r. Let c(o) = o**u - 2*o - 9 + 31 + 9*o + 0. What is the remainder when c(-9) is divided by 16?
8
Calculate the remainder when 9174/30 - 36/(-180) is divided by 52.
46
Let s(c) = -4*c - 20. Let y(i) = 11*i + 59. Let u(p) = 8*s(p) + 3*y(p). Let x be u(-9). Suppose x*g = 2*g + 42. What is the remainder when 18 is divided by g?
4
Suppose -l + 0*l + 49 = -5*i, l = -3*i + 33. What is the remainder when 44 is divided by l?
5
Suppose -4*f + 232*j + 48 = 234*j, 18 = f - j. Calculate the rema